 the prime factors of (-5567845)/(-145) + (20/(-290))/(-1)?
19, 43, 47
Let t = 16622 - 14521. List the prime factors of t.
11, 191
Let v(d) = -d**2 - 12*d - 1. Let k be v(-12). Let j be k*0/2 - 0. Suppose 2*l = -4*m + 248, -3*l - 5 - 1 = j. What are the prime factors of m?
3, 7
Let l = 108 + -80. Let y be 14/l*0/1. Suppose y*h = 6*h - 648. List the prime factors of h.
2, 3
Suppose -700378 = -821*j + 783*j. List the prime factors of j.
7, 2633
Let z = 152 + -147. Let b(o) = 12*o**2 - 9*o + 29. List the prime factors of b(z).
2, 71
What are the prime factors of -64 + 3750 + 2 + 0 + -2?
2, 19, 97
Let q = 73 + -70. Suppose -3*d = 4*t - 8, -2*d + 4 = q*t - 1. Suppose 3*r - 6*k = -d*k + 714, -r + 4*k + 238 = 0. List the prime factors of r.
2, 7, 17
Let d = -101 + 108. Suppose -33 = d*x - 264. What are the prime factors of x?
3, 11
Let s(o) = -3*o**2 + 4*o + 14. Let w(b) = -2*b**2 + 5*b + 13. Suppose -14*r = -6*r + 24. Let t(v) = r*s(v) + 4*w(v). What are the prime factors of t(-9)?
19
Let p = 213 + -213. Suppose 5*f = p, -1198 - 146 = -3*w + 4*f. List the prime factors of w.
2, 7
Let s(p) be the second derivative of p**5/10 - p**4/3 - 7*p**3/6 + 25*p. Let l be s(5). Suppose -l = -5*d + 685. What are the prime factors of d?
2, 5
Let x(g) = g**2 + 8*g + 10 - 4*g + 5*g**2 - 5. Let s be x(-2). What are the prime factors of 4/(-12)*4*-2*s?
2, 7
Let n = 45960 + -30940. What are the prime factors of n?
2, 5, 751
Let p(f) = 15*f**2 + 5*f - 6. Let o be p(-9). Suppose 3*i + i - 932 = 2*w, 0 = 5*i - 2*w - o. List the prime factors of i.
2, 29
Suppose y - 13814 = 14*z - 17*z, -2*z = -5*y - 9249. What are the prime factors of z?
17, 271
List the prime factors of (504424/85)/(6/15*1).
2, 3709
Suppose 2*p - 3*w = 13177, 305*w - 32948 = -5*p + 307*w. What are the prime factors of p?
2, 5, 659
Let x(z) = 9*z**2 + 6*z + 7. Let q(g) = -g**3 - 11*g**2 + 14*g + 30. Let a be q(-12). List the prime factors of x(a).
367
Suppose 5*t + 39685 = 5*m, 150*m - 39692 = 145*m - 2*t. List the prime factors of m.
2, 3, 7
Let p(r) = -11*r + 58. Let k(z) = 1411*z - 12 - 1405*z - 17. Let l(u) = 5*k(u) + 2*p(u). What are the prime factors of l(13)?
3, 5
Let a(f) = 14*f**2 + 1 + 1 - 7*f**2 - 5*f - 8*f**2. Let g be a(-6). What are the prime factors of (0 + g/(-12))*213?
71
Let x(q) = 18*q**2 - 11*q - 30. Let w be x(-6). Suppose 0 = -2*o + 5*o - w. What are the prime factors of o?
2, 3, 19
Suppose 2*v - 3*n - 8178 = 0, 4*n - 21575 + 1153 = -5*v. List the prime factors of v.
2, 3, 227
Suppose 0 = -x - 13*k + 61984, -2*x + 3*k + 309308 = 3*x. What are the prime factors of x?
13, 4759
Let d(s) = 325*s - 16. Let u be (-8)/(-2)*27/108. List the prime factors of d(u).
3, 103
Let k be 2*3/(-6) - (17 - 20). Suppose -k*v = -1025 - 183. List the prime factors of v.
2, 151
Suppose 0 = 2*z - 2*f - 12532, 0 = 5*z - 3*f - 28558 - 2772. List the prime factors of z.
2, 13, 241
Let u(p) = p**2 - 39*p + 17. Let z be u(-27). Suppose 4*x - z = 5*t, -3*t + 7*t = -12. List the prime factors of x.
2, 223
Let g = 79776 + -56140. Suppose -45*o = -g - 12679. List the prime factors of o.
3, 269
Suppose -2*d + 2*r = -26498, 52994 = 695*d - 691*d - 3*r. List the prime factors of d.
13, 1019
Let o(l) = 2*l**3 - 5*l**2 - 5*l + 10. Let k be o(3). Suppose -3*n = 2*w - 1477, -5*w - 1977 = -k*n - 0*w. What are the prime factors of n?
17, 29
Suppose -5*f - 71 = -o, -6*f - 3*o = -2*f + 72. What are the prime factors of (-1384)/(-6) + -3 + 10/f?
227
Suppose 46 + 44 = -5*v. What are the prime factors of 20 + -20 - v*9?
2, 3
Suppose h = 5*w + 20, -4*h + 0*w = -5*w - 35. Suppose h*y - 124 = y. Let q = 62 - y. List the prime factors of q.
31
What are the prime factors of (-8)/640*-10 - 773658/(-48)?
2, 8059
Suppose -80*g = -239833 - 119527. List the prime factors of g.
2, 1123
Let r(m) = -60*m + 6. Let s be 33*10/(-45)*(-126)/(-4). Let j be 42/s - (-40)/(-22). List the prime factors of r(j).
2, 3, 7
Let u(l) = 264*l**2 + 4*l - 161. What are the prime factors of u(-13)?
3, 19, 41
Suppose -13*l - 32*l + 228835 = -669365. List the prime factors of l.
2, 5, 499
Suppose 3*s + 4508 = 5*z - s, -4504 = -5*z + 2*s. Suppose -6*c + z = -c. What are the prime factors of c?
2, 3, 5
Let q(n) = 4*n**2 - 4*n**2 + 812 - 386*n**3 - n + 387*n**3. List the prime factors of q(0).
2, 7, 29
Suppose 0 = -z - 2, -t - 3*z + 354 = 3*t. Let g = 232 + -191. Suppose -x + g = -t. What are the prime factors of x?
131
Suppose -g + 678 = 27. Let d = -325 + g. What are the prime factors of d?
2, 163
Let p(l) = 45*l**2 + 12*l - 20*l - 12 + 6*l + 9*l. Let r be p(4). Suppose -46*z = -42*z - r. List the prime factors of z.
2, 23
Let g(s) = -3013*s - 284. List the prime factors of g(-9).
26833
Let q(z) = -26084*z + 1395. List the prime factors of q(-2).
29, 1847
Suppose -5*b = 2*l - 8714, -2*l + 1495 = 3*b - 3731. List the prime factors of b.
2, 109
What are the prime factors of (60274*((-150)/(-20) - 8))/(-1)?
30137
Let l(o) = -529*o + 571. List the prime factors of l(-28).
15383
Let y be (-98)/(-8) + 3/(-9 - 3). Let f be (42/y - -1) + (-2)/4. Suppose -4*z = -8*z - f, 4*z = 3*k - 577. List the prime factors of k.
191
Let k(w) = 175*w**2 - 215*w + 105. What are the prime factors of k(-10)?
3, 5, 439
Suppose 2*t + 7432 = 4*c + 1176, 0 = -3*c - 5*t + 4718. Suppose -v = 5*v - c. What are the prime factors of v?
3, 29
Suppose -34*m + 433890 = 32*m - 21*m. List the prime factors of m.
2, 3, 1607
Let g = 4 + -157. Suppose 16*z + 936 = 5848. Let v = g + z. What are the prime factors of v?
2, 7, 11
Let f = 513 - 509. Let a(i) = i**2 + 9*i + 2. Let l be a(-9). Suppose x - 4*c - f = 13, -l*x - 5*c + 47 = 0. What are the prime factors of x?
3, 7
Let h be 8*3*(-3)/(-24). Suppose 0 = 2*a + h*a - 35. Suppose -5*t + a*t = 92. List the prime factors of t.
2, 23
Suppose w = -2*l + 16, 5*w + 4*l = 42 + 44. Let a be w/10*(-70)/(-21). Suppose -533 = -a*b + 55. List the prime factors of b.
2, 7
Let k(z) be the second derivative of z**4/12 + 23*z**3/6 - 21*z**2/2 + z. List the prime factors of k(-29).
3, 17
Suppose 2*u + 4*t = 840 + 906, 0 = 2*u + t - 1746. Let z = u + -347. What are the prime factors of z?
2, 263
Suppose 4*k - 46512 = 15077 - 7673. List the prime factors of k.
3, 4493
Let g be 189108/135 - 18/(-15). Suppose -4840 = -4*f + 3*y, f + 192 - g = -3*y. List the prime factors of f.
2, 5, 11
Suppose 16*p = 33433 + 26311. Suppose 0 = -21*t + p + 2440. What are the prime factors of t?
2, 3, 7
Let m(i) = i**3 + 18*i**2 + 12*i - 21. Let j be m(-13). Suppose -1276 = -12*w + j. List the prime factors of w.
2, 3
Let b(g) = 2*g**2 - 15*g + 3. Let n be b(8). Let c be (-223*1)/(n/(-22)). Suppose 0 = -v + q + 4*q + 102, 0 = 4*v - q - c. What are the prime factors of v?
2, 7
Suppose -2*a - a = -1755. Let c(q) = q**3 + 41*q**2 - 87*q - 38. Let o be c(-43). Suppose o*j + 2*v + 0*v - a = 0, 5*v + 25 = 0. List the prime factors of j.
7, 17
Suppose -16*u = 33208 - 184744. What are the prime factors of u?
3, 7, 11, 41
Suppose -12 = -12*b + 24. What are the prime factors of -1 + (0 - (-1 + -595) - b)?
2, 37
List the prime factors of ((-5214456)/12)/(-9)*((-6)/(-4))/3.
3, 13, 619
Let n = -7 + 4. Let o be ((-2)/n)/((-6)/(-27)). Suppose -4*f + 2*i = -110, i = -2*i + o. List the prime factors of f.
2, 7
Let l(g) = -g**3 - 15*g**2 - 6*g + 8. Let x be l(-13). Let s be (x - 1)/(5 - (-11)/(-2)). Let c = s + -268. What are the prime factors of c?
2, 7, 17
Suppose 2*j - 3924 - 11806 = -2*b, -2*b = j - 15735. List the prime factors of b.
2, 5, 787
Suppose 5*d - 5*k = -1225, -d + 4*d + 735 = -3*k. Suppose -2*n = 3*l - 1257, -3*n + 7159 = 14*l + 1255. Let a = l + d. What are the prime factors of a?
2, 89
Let d(f) = -f**3 + 82*f**2 - 291*f - 71. What are the prime factors of d(68)?
3, 7, 2137
What are the prime factors of (4 - -19 - 16)*1997?
7, 1997
Let u(v) = 693*v**2 - 39*v + 155. List the prime factors of u(4).
11087
Let n be (-2)/(-2)*-2 + (0 - 1). Let t be ((-2)/3)/2 + (-19)/n. Suppose -m + 60 = 2*h - 49, t = 3*h. List the prime factors of m.
3, 5, 7
Let d = -65 - -64. Let a be 2/((-1)/(-352)*2). What are the prime factors of (-1 - a/4)/d?
89
Suppose 4*o - 4*k = 20, 19*o - 18*o - 5 = 2*k. Suppose 269 - 1407 = -5*f + 4*n, -o*f + 1135 = -5*n. List the prime factors of f.
2, 5, 23
Let y(f) = f**3 + 4*f**2 